s the hundreds digit of h(3)?
1
Let h(n) = 8*n**2 + 246*n - 101. What is the tens digit of h(-66)?
1
Let n(j) = 24*j. Let s be n(0). Suppose s = -27*k + 21*k + 8886. What is the units digit of k?
1
Suppose 840*q = 845*q - 20155. What is the thousands digit of q?
4
Let h(g) = -2*g + 16. Let t be h(6). Let u be 2/(-8)*-2*0/t. Suppose l = 2*v - 1 - 2, 2*l - 5*v + 9 = u. What is the units digit of l?
3
Let p(x) = 6*x + 9. Let m be p(12). Suppose 9 + m = 5*q. Let i = 66 - q. What is the tens digit of i?
4
Let c = -165 + -51. What is the units digit of c/(-81)*141/4?
4
Suppose -4*x = -v + 800, 0 = v + 4*v. Let n = -317 - x. Let c = n - -259. What is the hundreds digit of c?
1
Suppose -4*u = -z + 668, 0 + 15 = -3*u. Let j = z - 612. What is the tens digit of j?
3
Suppose -220418 = 1299*l - 2605*l + 1295*l. What is the thousands digit of l?
0
Suppose -1085*q - 4*m + 50402 = -1083*q, -100768 = -4*q + 4*m. What is the ten thousands digit of q?
2
Suppose 2*l + 12 = 2*g, -5*l + 2*l + 22 = 5*g. Let x(f) = f**3 + 3*f**2 - 3*f. Let k be x(-3). What is the units digit of k - -1 - (5 + l)?
6
What is the thousands digit of 1660*(-4)/(32/(-12)) - 6?
2
Suppose 554 = 3*a + 134. Suppose 4*u + u + 350 = -5*c, -2*c + u - a = 0. Let m = 97 + c. What is the units digit of m?
7
Suppose -4*a - r - 1187 = 0, a + 604 = -a - 4*r. Let c = -106 - a. What is the units digit of c?
0
Let w = -46 - -48. Suppose 1365 = 11*g + w*g. Suppose o - g - 80 = 0. What is the units digit of o?
5
Suppose -583*s - 5*l + 36792 = -579*s, -9198 = -s + 5*l. What is the hundreds digit of s?
1
Let f(d) = -d**3 + 11*d**2 - 13*d + 36. Let r be f(10). Let v be r/(-51) - 348/(-68). Suppose -v*k = 0, 0 = 3*s + 4*k + 8 - 44. What is the units digit of s?
2
Suppose -7*l - 21 = -7. Let i(d) = 26*d**3 + 2*d**2 + d + 4. Let n be i(l). Let y = n - -332. What is the tens digit of y?
3
Let p(a) = -a**3 - 8*a**2 + 8*a - 4. Let g be p(-9). Suppose -g*x + 9*x - 32 = 0. What is the units digit of 290/x + 2/(-32)*4?
6
Let f(q) = q**3 - 14*q**2 + 2*q + 24. What is the tens digit of f(16)?
6
Let k = 4549 - 2103. Let c = k + -825. What is the tens digit of c?
2
Let n be (-15)/(-2) - (4 - (-45)/(-10)). Suppose n*f = -19*f + 12420. What is the hundreds digit of f?
4
Let v = -10398 + 10608. What is the hundreds digit of v?
2
Suppose 25*i = -53878 + 656203. What is the tens digit of i?
9
What is the hundreds digit of (-176)/(-132)*(-1)/2*-1611?
0
Let r be (-6 - (-41200)/88) + 2/(-11). What is the tens digit of 44/r + (-2558)/(-42)?
6
Suppose -84*r = -18*r - 2428998. What is the thousands digit of r?
6
What is the hundreds digit of (-303)/(7*(-9)/4158)?
9
Let y be 1666/154 - 11 - (-63318)/11. Suppose -2*q + y = 1756. What is the thousands digit of q?
2
Let y be 26/(-351) - 104253/(-81). Let j = y - 674. What is the tens digit of j?
1
Let h = 108 - 100. Suppose 185 = h*l - 1135. What is the hundreds digit of l?
1
Suppose 5*v - 2*v = 3, -3*x + 4*v - 16 = 0. Let b be 3 + (3 - (x - -7)). Suppose 0*m + 2*n = -2*m + 398, -b*m + 605 = -n. What is the hundreds digit of m?
2
Let n = -41217 + 69477. What is the units digit of n?
0
Let g(a) = 1024*a**3 - 2*a**2 + 16*a - 14. What is the tens digit of g(3)?
6
Let t(g) = 31*g + 71. Let i be t(-7). Let a(d) = -4*d**3 - 2*d**2 + 6*d + 4. Let n be a(-4). Let f = i + n. What is the tens digit of f?
5
Suppose 632 = 5*m - 9*m. Let c = 610 + m. Let d = c + -178. What is the units digit of d?
4
Let w(c) = 298*c - 1178. What is the thousands digit of w(28)?
7
Let d(l) = -1490*l - 42. What is the units digit of d(-6)?
8
Let y be (-10 - -16)*(1/(-2) - -1). Suppose y*z = 697 + 380. What is the tens digit of z?
5
Let b = -281 + 578. Suppose g = 407 + b. What is the hundreds digit of g?
7
Suppose 12464880 = 742*t - 502*t. What is the units digit of t?
7
Suppose 5*b + 93 = 2*j, -15*j - 4*b + 174 = -12*j. What is the tens digit of 24/j + (-654)/(-108)*154?
3
Let s be -3*(4/(-5))/(168/(-140)). What is the units digit of (-4)/26 + 37095*s/(-78)?
1
Let z = 2 - -13. Let n(j) = 40*j + 63. Let i be n(-3). What is the tens digit of (-5)/(z/8)*i/4?
3
Let w(h) = 195*h + 7. Let z be w(13). Suppose -z = -27*k + 12794. What is the hundreds digit of k?
5
Suppose -8*m + 42 = 6*m. Suppose -5*y - 1937 = -m*q, 9*q - 8*q - 659 = 5*y. What is the hundreds digit of q?
6
Let k = 1902 + -1897. Let d be -2 + 2 + 925/1. Suppose k*c = 5*i + d, 118 = 2*c - 3*i - 247. What is the units digit of c?
0
Suppose 4*o + 2*h = 37512, 3*o - 37494 = -o + h. What is the thousands digit of o?
9
Let h be 1/(5/(-4416 - -1)). Let t = 1238 + h. What is the tens digit of t?
5
Let o(p) = -33*p + 3. Let c(v) = v - 2. Let k(a) = 5*a - 11. Let s(y) = -11*c(y) + 2*k(y). Let u(i) = -o(i) + 15*s(i). What is the tens digit of u(4)?
6
Suppose -11*m + 174538 = -10592. What is the tens digit of m?
3
Let x = 32636 + -9896. What is the units digit of x?
0
Let d = -120 - 6. Let u = -140 - d. What is the hundreds digit of ((-2)/4)/(u/4788)?
1
Let l(z) = -1050*z + 2335. What is the units digit of l(-14)?
5
Let v be 10/2 - (6 + -5). Let w(h) = 5*h**2 + 1110 - 1111 + 2*h**2 - 2*h**2 + v*h. What is the hundreds digit of w(5)?
1
Let l be 4/(4 + -6) - -7. Suppose w - 2*r = -r + l, 5*r = -w + 5. What is the units digit of (w/(-10))/((-1)/106)?
3
Suppose -l + 2*f = -0*l - 14, -2*f - 32 = -4*l. Suppose 4*s = 2*u - 150, -l*u + 3*u + 219 = -3*s. What is the units digit of u?
1
Suppose 4*a = -4*o + 64920, 58*o - 48674 = 55*o + 5*a. What is the units digit of o?
8
Suppose -5*r + 10 = -5*g, 10*g = 6*g + 5*r - 13. What is the units digit of (g - 0) + 410 - -5?
8
Let g be (-1616)/(-8 - 0) + -7. Let w = 907 + g. What is the hundreds digit of w?
1
Let s be (-20)/(-15)*4440/(-5)*-1. Let v = 2549 - s. What is the tens digit of v?
6
Let w(p) = -p**3 - 9*p**2 - 11*p - 19. Let z be w(-8). Suppose x = 2*a - 650, a = z*a - x - 1300. Let d = a - 223. What is the tens digit of d?
0
What is the thousands digit of 12*((9436/12 - 1) + (2 - 5))?
9
Let r = 816 + -812. Suppose -r*s - 4*m = -4244, -106 - 5198 = -5*s - 4*m. What is the tens digit of s?
6
Suppose -100*i - 1405726 = -258*i. What is the tens digit of i?
9
Let j = 71 - 62. Let n be (-3 - (-33)/j)*33. Let x = n - -119. What is the units digit of x?
1
Let c(n) = -n**3 - 10*n**2 + 13*n - 23. Let f = -37 + 85. Suppose -5*o - f = -o. What is the units digit of c(o)?
9
Suppose 5*k - 6 = m + 42, 10 = 5*m. Let w(g) = -g**3 + 11*g**2 - g + 5. What is the tens digit of w(k)?
9
Suppose o = -o. Let y = 2611 + -2607. Suppose -2*s + 541 = 2*s + c, o = y*c + 12. What is the units digit of s?
6
Let p be 4 - (-5 + 3/(-1) + 9). Suppose -5*m = -p*a + 684, -5*a + 385 = -3*m - 755. What is the units digit of a?
8
Let m be ((-12)/33)/(5/((-330)/12)). Suppose -m*k - 21 = -19, 5*r - k - 2761 = 0. What is the hundreds digit of r?
5
Suppose -64 = 91*c - 83*c. Suppose -234 + 1614 = 5*q. What is the units digit of (-1 - q/c)/((-2)/(-8))?
4
Suppose 5*m = 3*w - 23, -w - 9*m = -4*m - 1. Let u(j) = 10*j**2 + 24*j + 7. What is the tens digit of u(w)?
1
Suppose -2*s = -5*u - 56, 0 = s + u - 18 - 17. Suppose 40*l - s*l = 3801. What is the hundreds digit of l?
5
Let g = 16 + -22. Suppose -45 = -5*k + 2*k + 5*c, -75 = -5*k + 5*c. What is the tens digit of 7*(-25)/k*g?
7
Suppose -735*m = -724*m - 24384 - 35709. What is the hundreds digit of m?
4
Let l be (20/(-8) + 2)*6 + 5. Let v be ((-12)/8)/((-6)/1744). Suppose 0*c = -l*c + 4*y + 200, -4*c = 4*y - v. What is the hundreds digit of c?
1
Suppose -3*t + 2 = -2*t. Suppose -t*a - 3*s = -11, -4*a - 13 = -2*s + s. What is the units digit of 22/26 + a/(-13)?
1
Let p = 129 - 158. Suppose 0 = -4*l - 48 - 4. Let x = l - p. What is the tens digit of x?
1
Let w = -330 - -397. Suppose -3*r = -h - 4418, -5893 = -4*r - 68*h + w*h. What is the units digit of r?
3
Let z = 2243 - 1324. Let f = -248 + z. What is the units digit of f?
1
Let a = -408 - -1130. Suppose -2*l = 5*h - a, -3*l + 1835 = 2*l + 5*h. What is the tens digit of l?
7
Suppose 27283*u - 27292*u = -147789. What is the thousands digit of u?
6
Suppose 3*z = 5*d - 139, 0 = -4*z + 6*z + 4*d + 122. Let k = z - -55. Suppose 16 = k*u - 10. What is the units digit of u?
3
Let r = -4127 - -5212. What is the hundreds digit of r?
0
Let o = -19 + 186. Let j be 3/((-15)/(-190)) -